46.229.168.142 - - [28/Nov/2019:00:09:15 -0500] "GET /PRODUCT%20AREAS/TQFluids/H16/_vti_cnf/h16.htm HTTP/1.1" 200 810 "" "Mozilla/5.0 (compatible; SemrushBot/6~bl; +http://www.semrush.com/bot.html)"
46.229.168.162 - - [28/Nov/2019:01:26:59 -0500] "GET /robots.txt HTTP/1.1" 410 377 "" "Mozilla/5.0 (compatible; SemrushBot/6~bl; +http://www.semrush.com/bot.html)"
46.229.168.134 - - [28/Nov/2019:01:26:59 -0500] "GET /PRODUCT%20AREAS/TQSTRUCT/STR7%20-%20Unsymmetrical%20Bending%20an/_vti_cnf/!str7.htm HTTP/1.1" 200 1221 "" "Mozilla/5.0 (compatible; SemrushBot/6~bl; +http://www.semrush.com/bot.html)"
46.229.168.149 - - [28/Nov/2019:02:08:13 -0500] "GET /robots.txt HTTP/1.1" 410 377 "" "Mozilla/5.0 (compatible; SemrushBot/6~bl; +http://www.semrush.com/bot.html)"
46.229.168.135 - - [28/Nov/2019:02:08:16 -0500] "GET /TQ%20PRODUCT%20AREAS/TASK/MF4/mf4.htm HTTP/1.1" 404 303 "" "Mozilla/5.0 (compatible; SemrushBot/6~bl; +http://www.semrush.com/bot.html)"
46.229.168.138 - - [28/Nov/2019:02:31:33 -0500] "GET /robots.txt HTTP/1.1" 410 373 "" "Mozilla/5.0 (compatible; SemrushBot/6~bl; +http://www.semrush.com/bot.html)"
46.229.168.133 - - [28/Nov/2019:02:31:33 -0500] "GET /PRODUCT%20AREAS/TQSTRUCT/STR16%20-%20Plastic%20Bending%20of%20Port/DOCS/1/_vti_cnf/imagemap.htm HTTP/1.1" 200 987 "" "Mozilla/5.0 (compatible; SemrushBot/6~bl; +http://www.semrush.com/bot.html)"
58.250.125.147 - - [28/Nov/2019:02:39:44 -0500] "GET /robots.txt HTTP/1.1" 410 377 "" "Sogou web spider/4.0(+http://www.sogou.com/docs/help/webmasters.htm#07)"
58.250.125.147 - - [28/Nov/2019:02:39:45 -0500] "GET / HTTP/1.1" 200 704 "" "Sogou web spider/4.0(+http://www.sogou.com/docs/help/webmasters.htm#07)"
46.229.168.134 - - [28/Nov/2019:03:10:59 -0500] "GET /robots.txt HTTP/1.1" 410 373 "" "Mozilla/5.0 (compatible; SemrushBot/6~bl; +http://www.semrush.com/bot.html)"
46.229.168.162 - - [28/Nov/2019:03:10:59 -0500] "GET /PRODUCT%20AREAS/TQSTRUCT/STR3%20-%20Shear%20Force%20in%20a%20Beam/DOCS/1/ HTTP/1.1" 200 498 "" "Mozilla/5.0 (compatible; SemrushBot/6~bl; +http://www.semrush.com/bot.html)"
46.229.168.146 - - [28/Nov/2019:03:16:41 -0500] "GET /PRODUCT%20AREAS/TQFluids/H410/_vti_cnf/h410.htm HTTP/1.1" 200 797 "" "Mozilla/5.0 (compatible; SemrushBot/6~bl; +http://www.semrush.com/bot.html)"
77.75.79.36 - - [28/Nov/2019:03:25:42 -0500] "GET /robots.txt HTTP/1.1" 410 377 "" "Mozilla/5.0 (compatible; SeznamBot/3.2; +http://napoveda.seznam.cz/en/seznambot-intro/)"
77.75.79.36 - - [28/Nov/2019:03:25:43 -0500] "GET /logs/W2K3WEB1/ HTTP/1.1" 200 1052 "" "Mozilla/5.0 (compatible; SeznamBot/3.2; +http://napoveda.seznam.cz/en/seznambot-intro/)"
77.75.79.36 - - [28/Nov/2019:03:25:44 -0500] "GET / HTTP/1.1" 200 704 "" "Mozilla/5.0 (compatible; SeznamBot/3.2; +http://napoveda.seznam.cz/en/seznambot-intro/)"
116.55.78.7 - - [28/Nov/2019:03:28:02 -0500] "GET /www.tecquip.com/ HTTP/1.1" 200 341 "" "Mozilla/5.0(Linux;Android 5.1.1;OPPO A33 Build/LMY47V;wv) AppleWebKit/537.36(KHTML,link Gecko) Version/4.0 Chrome/43.0.2357.121 Mobile Safari/537.36 LieBaoFast/4.51.3"
111.178.207.118 - - [28/Nov/2019:03:28:06 -0500] "GET /PRODUCT%20AREAS HTTP/1.1" 301 319 "" "Mozilla/5.0 (Linux; Android 7.0; FRD-AL00 Build/HUAWEIFRD-AL00; wv) AppleWebKit/537.36 (KHTML, like Gecko) Version/4.0 Chrome/53.0.2785.49 Mobile MQQBrowser/6.2 TBS/043602 Safari/537.36 MicroMessenger/6.5.16.1120 NetType/WIFI Language/zh_CN"
111.178.207.118 - - [28/Nov/2019:03:28:08 -0500] "GET /PRODUCT%20AREAS/ HTTP/1.1" 200 593 "" "Mozilla/5.0 (Linux; Android 7.0; FRD-AL00 Build/HUAWEIFRD-AL00; wv) AppleWebKit/537.36 (KHTML, like Gecko) Version/4.0 Chrome/53.0.2785.49 Mobile MQQBrowser/6.2 TBS/043602 Safari/537.36 MicroMessenger/6.5.16.1120 NetType/WIFI Language/zh_CN"
106.56.38.116 - - [28/Nov/2019:03:28:15 -0500] "GET /TQAIRFLOW HTTP/1.1" 404 275 "" "Mozilla/5.0(Linux;Android 5.1.1;OPPO A33 Build/LMY47V;wv) AppleWebKit/537.36(KHTML,link Gecko) Version/4.0 Chrome/43.0.2357.121 Mobile Safari/537.36 LieBaoFast/4.51.3"
183.2.114.86 - - [28/Nov/2019:03:29:04 -0500] "GET /www.tecquip.com HTTP/1.1" 301 311 "" "Mozilla/5.0(Linux;Android 5.1.1;OPPO A33 Build/LMY47V;wv) AppleWebKit/537.36(KHTML,link Gecko) Version/4.0 Chrome/42.0.2311.138 Mobile Safari/537.36 Mb2345Browser/9.0"
183.2.114.86 - - [28/Nov/2019:03:29:08 -0500] "GET /www.tecquip.com/ HTTP/1.1" 200 341 "" "Mozilla/5.0(Linux;Android 5.1.1;OPPO A33 Build/LMY47V;wv) AppleWebKit/537.36(KHTML,link Gecko) Version/4.0 Chrome/42.0.2311.138 Mobile Safari/537.36 Mb2345Browser/9.0"
114.97.193.60 - - [28/Nov/2019:03:38:57 -0500] "GET /TQSIS HTTP/1.1" 301 309 "" "Mozilla/5.0 (Linux; Android 7.0; FRD-AL00 Build/HUAWEIFRD-AL00; wv) AppleWebKit/537.36 (KHTML, like Gecko) Version/4.0 Chrome/53.0.2785.49 Mobile MQQBrowser/6.2 TBS/043602 Safari/537.36 MicroMessenger/6.5.16.1120 NetType/WIFI Language/zh_CN"
114.97.193.60 - - [28/Nov/2019:03:38:59 -0500] "GET /TQSIS/ HTTP/1.1" 200 325 "" "Mozilla/5.0 (Linux; Android 7.0; FRD-AL00 Build/HUAWEIFRD-AL00; wv) AppleWebKit/537.36 (KHTML, like Gecko) Version/4.0 Chrome/53.0.2785.49 Mobile MQQBrowser/6.2 TBS/043602 Safari/537.36 MicroMessenger/6.5.16.1120 NetType/WIFI Language/zh_CN"
223.113.57.194 - - [28/Nov/2019:03:46:56 -0500] "GET /TQSTRUCT HTTP/1.1" 404 278 "" "Mozilla/5.0(Linux;U;Android 5.1.1;zh-CN;OPPO A33 Build/LMY47V) AppleWebKit/537.36(KHTML,like Gecko) Version/4.0 Chrome/40.0.2214.89 UCBrowser/11.7.0.953 Mobile Safari/537.36"
117.67.64.94 - - [28/Nov/2019:03:47:47 -0500] "GET /_vti_script HTTP/1.1" 301 307 "" "Mozilla/5.0(Linux;Android 5.1.1;OPPO A33 Build/LMY47V;wv) AppleWebKit/537.36(KHTML,link Gecko) Version/4.0 Chrome/42.0.2311.138 Mobile Safari/537.36 Mb2345Browser/9.0"
117.67.64.94 - - [28/Nov/2019:03:47:54 -0500] "GET /_vti_script/ HTTP/1.1" 200 289 "" "Mozilla/5.0(Linux;Android 5.1.1;OPPO A33 Build/LMY47V;wv) AppleWebKit/537.36(KHTML,link Gecko) Version/4.0 Chrome/42.0.2311.138 Mobile Safari/537.36 Mb2345Browser/9.0"
46.229.168.143 - - [28/Nov/2019:04:26:26 -0500] "GET /robots.txt HTTP/1.1" 410 377 "" "Mozilla/5.0 (compatible; SemrushBot/6~bl; +http://www.semrush.com/bot.html)"
46.229.168.161 - - [28/Nov/2019:04:26:26 -0500] "GET /logs/ex20191101.log HTTP/1.1" 404 289 "" "Mozilla/5.0 (compatible; SemrushBot/6~bl; +http://www.semrush.com/bot.html)"
159.138.149.105 - - [28/Nov/2019:04:36:48 -0500] "GET / HTTP/1.1" 200 700 "" "Mozilla/5.0 (Linux; Android 7.0; FRD-AL00 Build/HUAWEIFRD-AL00; wv) AppleWebKit/537.36 (KHTML, like Gecko) Version/4.0 Chrome/53.0.2785.49 Mobile MQQBrowser/6.2 TBS/043602 Safari/537.36 MicroMessenger/6.5.16.1120 NetType/WIFI Language/zh_CN"
35.243.157.150 - - [28/Nov/2019:05:34:31 -0500] "GET /robots.txt HTTP/1.0" 410 377 "" "ZoominfoBot (zoominfobot at zoominfo dot com)"
35.243.157.150 - - [28/Nov/2019:05:34:31 -0500] "GET /aspnet_client/ HTTP/1.0" 200 345 "" "ZoominfoBot (zoominfobot at zoominfo dot com)"
35.243.157.150 - - [28/Nov/2019:05:36:56 -0500] "GET /www.tecquip.com/ HTTP/1.0" 200 345 "" "ZoominfoBot (zoominfobot at zoominfo dot com)"
35.243.157.150 - - [28/Nov/2019:05:37:01 -0500] "GET /robots.txt HTTP/1.0" 410 373 "" "ZoominfoBot (zoominfobot at zoominfo dot com)"
35.243.157.150 - - [28/Nov/2019:05:37:01 -0500] "GET /logs/ HTTP/1.0" 200 957 "" "ZoominfoBot (zoominfobot at zoominfo dot com)"
35.243.157.150 - - [28/Nov/2019:05:37:16 -0500] "GET /TQSIS/ HTTP/1.0" 200 325 "" "ZoominfoBot (zoominfobot at zoominfo dot com)"
35.243.157.150 - - [28/Nov/2019:05:38:05 -0500] "GET /_vti_cnf/ HTTP/1.0" 200 4864 "" "ZoominfoBot (zoominfobot at zoominfo dot com)"
35.243.157.150 - - [28/Nov/2019:05:38:58 -0500] "GET /PlintWebpage/ HTTP/1.0" 200 339 "" "ZoominfoBot (zoominfobot at zoominfo dot com)"
35.243.157.150 - - [28/Nov/2019:05:39:19 -0500] "GET /TQSIS/ HTTP/1.0" 200 321 "" "ZoominfoBot (zoominfobot at zoominfo dot com)"
35.243.157.150 - - [28/Nov/2019:05:42:45 -0500] "GET /_vti_txt/ HTTP/1.0" 200 283 "" "ZoominfoBot (zoominfobot at zoominfo dot com)"
35.243.157.150 - - [28/Nov/2019:05:43:08 -0500] "GET /_vti_pvt/ HTTP/1.0" 200 963 "" "ZoominfoBot (zoominfobot at zoominfo dot com)"
35.243.157.150 - - [28/Nov/2019:05:43:56 -0500] "GET /_vti_script/ HTTP/1.0" 200 289 "" "ZoominfoBot (zoominfobot at zoominfo dot com)"
35.243.157.150 - - [28/Nov/2019:05:44:41 -0500] "GET /PRODUCT%20AREAS/ HTTP/1.0" 200 589 "" "ZoominfoBot (zoominfobot at zoominfo dot com)"
35.243.157.150 - - [28/Nov/2019:05:48:04 -0500] "GET /PRODUCT%20AREAS/ HTTP/1.0" 200 593 "" "ZoominfoBot (zoominfobot at zoominfo dot com)"
35.243.157.150 - - [28/Nov/2019:05:49:43 -0500] "GET /_vti_txt/ HTTP/1.0" 200 287 "" "ZoominfoBot (zoominfobot at zoominfo dot com)"
35.243.157.150 - - [28/Nov/2019:05:53:17 -0500] "GET /www.tecquip.com/ HTTP/1.0" 200 341 "" "ZoominfoBot (zoominfobot at zoominfo dot com)"
35.243.157.150 - - [28/Nov/2019:05:55:16 -0500] "GET /aspnet_client/ HTTP/1.0" 200 341 "" "ZoominfoBot (zoominfobot at zoominfo dot com)"
35.243.157.150 - - [28/Nov/2019:05:58:45 -0500] "GET /PlintWebpage/ HTTP/1.0" 200 335 "" "ZoominfoBot (zoominfobot at zoominfo dot com)"
35.243.157.150 - - [28/Nov/2019:05:59:40 -0500] "GET /_vti_script/ HTTP/1.0" 200 293 "" "ZoominfoBot (zoominfobot at zoominfo dot com)"
35.243.157.150 - - [28/Nov/2019:05:59:43 -0500] "GET /logs/ HTTP/1.0" 200 961 "" "ZoominfoBot (zoominfobot at zoominfo dot com)"
35.243.157.150 - - [28/Nov/2019:06:00:56 -0500] "GET /_vti_cnf/ HTTP/1.0" 200 4864 "" "ZoominfoBot (zoominfobot at zoominfo dot com)"
35.243.157.150 - - [28/Nov/2019:06:03:17 -0500] "GET /_vti_pvt/ HTTP/1.0" 200 959 "" "ZoominfoBot (zoominfobot at zoominfo dot com)"
46.229.168.151 - - [28/Nov/2019:06:24:07 -0500] "GET /robots.txt HTTP/1.1" 410 373 "" "Mozilla/5.0 (compatible; SemrushBot/6~bl; +http://www.semrush.com/bot.html)"
46.229.168.146 - - [28/Nov/2019:06:24:07 -0500] "GET /PRODUCT%20AREAS/TQSTRUCT/STR15%20-%20Plastic%20Bending%20of%20Beam/str15.htm.log HTTP/1.1" 200 3368 "" "Mozilla/5.0 (compatible; SemrushBot/6~bl; +http://www.semrush.com/bot.html)"
46.229.168.148 - - [28/Nov/2019:06:55:01 -0500] "GET /robots.txt HTTP/1.1" 410 373 "" "Mozilla/5.0 (compatible; SemrushBot/6~bl; +http://www.semrush.com/bot.html)"
46.229.168.134 - - [28/Nov/2019:06:55:01 -0500] "GET /PRODUCT%20AREAS/TQFluids/H311/_vti_cnf/H311.htm HTTP/1.1" 200 736 "" "Mozilla/5.0 (compatible; SemrushBot/6~bl; +http://www.semrush.com/bot.html)"
46.229.168.143 - - [28/Nov/2019:07:01:38 -0500] "GET /robots.txt HTTP/1.1" 410 377 "" "Mozilla/5.0 (compatible; SemrushBot/6~bl; +http://www.semrush.com/bot.html)"
46.229.168.144 - - [28/Nov/2019:07:01:38 -0500] "GET /PRODUCT%20AREAS/TQSTRUCT/STR13%20-%20Continuous%20and%20Indeterm/DOCS/1/_vti_cnf/ HTTP/1.1" 200 779 "" "Mozilla/5.0 (compatible; SemrushBot/6~bl; +http://www.semrush.com/bot.html)"
203.133.170.52 - - [28/Nov/2019:07:07:21 -0500] "GET /robots.txt HTTP/1.1" 410 377 "" "Mozilla/5.0 (compatible; Daum/4.1; +http://cs.daum.net/faq/15/4118.html?faqId=28966)"
203.133.170.52 - - [28/Nov/2019:07:07:22 -0500] "GET /PRODUCT%20AREAS/TQFluids/H10/_vti_cnf/h10.htm HTTP/1.1" 200 810 "" "Mozilla/5.0 (compatible; Daum/4.1; +http://cs.daum.net/faq/15/4118.html?faqId=28966)"
46.229.168.142 - - [28/Nov/2019:07:36:47 -0500] "GET /robots.txt HTTP/1.1" 410 373 "" "Mozilla/5.0 (compatible; SemrushBot/6~bl; +http://www.semrush.com/bot.html)"
46.229.168.141 - - [28/Nov/2019:07:36:47 -0500] "GET /PRODUCT%20AREAS/TQCONTROL/ HTTP/1.1" 200 945 "" "Mozilla/5.0 (compatible; SemrushBot/6~bl; +http://www.semrush.com/bot.html)"
46.229.168.144 - - [28/Nov/2019:08:07:38 -0500] "GET /robots.txt HTTP/1.1" 410 377 "" "Mozilla/5.0 (compatible; SemrushBot/6~bl; +http://www.semrush.com/bot.html)"
46.229.168.144 - - [28/Nov/2019:08:07:39 -0500] "GET /PRODUCT%20AREAS/TQCONTROL/CE150/ HTTP/1.1" 200 399 "" "Mozilla/5.0 (compatible; SemrushBot/6~bl; +http://www.semrush.com/bot.html)"
46.229.168.147 - - [28/Nov/2019:08:12:50 -0500] "GET /robots.txt HTTP/1.1" 410 373 "" "Mozilla/5.0 (compatible; SemrushBot/6~bl; +http://www.semrush.com/bot.html)"
46.229.168.129 - - [28/Nov/2019:08:12:51 -0500] "GET /PRODUCT%20AREAS/TQSTRUCT/STR6%20-%20Torsional%20Deflections%20of/DOCS/1/_vti_cnf/imagemap.htm HTTP/1.1" 200 983 "" "Mozilla/5.0 (compatible; SemrushBot/6~bl; +http://www.semrush.com/bot.html)"
46.229.168.135 - - [28/Nov/2019:08:19:28 -0500] "GET /PRODUCT%20AREAS/TQFluids/H11/_vti_cnf/h11.htm HTTP/1.1" 200 810 "" "Mozilla/5.0 (compatible; SemrushBot/6~bl; +http://www.semrush.com/bot.html)"
46.229.168.151 - - [28/Nov/2019:08:21:57 -0500] "GET /PRODUCT%20AREAS/TQSM/SM100/ HTTP/1.1" 200 380 "" "Mozilla/5.0 (compatible; SemrushBot/6~bl; +http://www.semrush.com/bot.html)"
46.229.168.133 - - [28/Nov/2019:08:23:10 -0500] "GET /PRODUCT%20AREAS/TQFluids/H35/_vti_cnf/ HTTP/1.1" 200 410 "" "Mozilla/5.0 (compatible; SemrushBot/6~bl; +http://www.semrush.com/bot.html)"
46.229.168.151 - - [28/Nov/2019:08:26:37 -0500] "GET /logs/W2K3WEB3/ex180402.log HTTP/1.1" 200 535 "" "Mozilla/5.0 (compatible; SemrushBot/6~bl; +http://www.semrush.com/bot.html)"
66.249.64.42 - - [28/Nov/2019:08:33:00 -0500] "GET /robots.txt HTTP/1.1" 410 373 "" "Mozilla/5.0 (compatible; Googlebot/2.1; +http://www.google.com/bot.html)"
66.249.64.44 - - [28/Nov/2019:08:33:01 -0500] "GET / HTTP/1.1" 200 700 "" "Mozilla/5.0 (compatible; Googlebot/2.1; +http://www.google.com/bot.html)"
66.249.64.40 - - [28/Nov/2019:08:33:06 -0500] "GET / HTTP/1.1" 200 700 "" "Mozilla/5.0 (Linux; Android 6.0.1; Nexus 5X Build/MMB29P) AppleWebKit/537.36 (KHTML, like Gecko) Chrome/41.0.2272.96 Mobile Safari/537.36 (compatible; Googlebot/2.1; +http://www.google.com/bot.html)"
66.249.64.40 - - [28/Nov/2019:08:33:20 -0500] "GET /favicon.ico HTTP/1.1" 410 374 "" "Googlebot-Image/1.0"
46.229.168.133 - - [28/Nov/2019:08:39:08 -0500] "GET /robots.txt HTTP/1.1" 410 373 "" "Mozilla/5.0 (compatible; SemrushBot/6~bl; +http://www.semrush.com/bot.html)"
46.229.168.140 - - [28/Nov/2019:08:39:08 -0500] "GET /PRODUCT%20AREAS/TQSTRUCT/STR9%20-%20Three-Pinned%20Arch/_vti_cnf/!str9.htm HTTP/1.1" 200 1125 "" "Mozilla/5.0 (compatible; SemrushBot/6~bl; +http://www.semrush.com/bot.html)"
46.229.168.137 - - [28/Nov/2019:08:47:22 -0500] "GET /PRODUCT%20AREAS/TQCONTROL/CE123/_vti_cnf/ HTTP/1.1" 200 421 "" "Mozilla/5.0 (compatible; SemrushBot/6~bl; +http://www.semrush.com/bot.html)"
46.229.168.145 - - [28/Nov/2019:09:00:02 -0500] "GET /robots.txt HTTP/1.1" 410 377 "" "Mozilla/5.0 (compatible; SemrushBot/6~bl; +http://www.semrush.com/bot.html)"
46.229.168.163 - - [28/Nov/2019:09:00:02 -0500] "GET /PRODUCT%20AREAS/TQSTRUCT/STR6%20-%20Torsional%20Deflections%20of/_vti_cnf/!str6.htm HTTP/1.1" 200 1229 "" "Mozilla/5.0 (compatible; SemrushBot/6~bl; +http://www.semrush.com/bot.html)"
46.229.168.140 - - [28/Nov/2019:09:08:06 -0500] "GET /robots.txt HTTP/1.1" 410 373 "" "Mozilla/5.0 (compatible; SemrushBot/6~bl; +http://www.semrush.com/bot.html)"
46.229.168.154 - - [28/Nov/2019:09:08:06 -0500] "GET /PRODUCT%20AREAS/TQFluids/H311/ HTTP/1.1" 200 390 "" "Mozilla/5.0 (compatible; SemrushBot/6~bl; +http://www.semrush.com/bot.html)"
46.229.168.132 - - [28/Nov/2019:09:10:15 -0500] "GET /PRODUCT%20AREAS/TQCONTROL/CE122/_vti_cnf/!ce122.htm HTTP/1.1" 200 1406 "" "Mozilla/5.0 (compatible; SemrushBot/6~bl; +http://www.semrush.com/bot.html)"
35.231.170.25 - - [28/Nov/2019:09:37:25 -0500] "GET /robots.txt HTTP/1.0" 410 377 "" "ZoominfoBot (zoominfobot at zoominfo dot com)"
35.231.170.25 - - [28/Nov/2019:09:37:25 -0500] "GET /aspnet_client/ HTTP/1.0" 200 345 "" "ZoominfoBot (zoominfobot at zoominfo dot com)"
35.231.170.25 - - [28/Nov/2019:09:39:22 -0500] "GET /www.tecquip.com/ HTTP/1.0" 200 345 "" "ZoominfoBot (zoominfobot at zoominfo dot com)"
35.231.170.25 - - [28/Nov/2019:09:39:25 -0500] "GET /robots.txt HTTP/1.0" 410 373 "" "ZoominfoBot (zoominfobot at zoominfo dot com)"
35.231.170.25 - - [28/Nov/2019:09:39:25 -0500] "GET /logs/ HTTP/1.0" 200 957 "" "ZoominfoBot (zoominfobot at zoominfo dot com)"
35.231.170.25 - - [28/Nov/2019:09:39:39 -0500] "GET /TQSIS/ HTTP/1.0" 200 325 "" "ZoominfoBot (zoominfobot at zoominfo dot com)"
35.231.170.25 - - [28/Nov/2019:09:40:24 -0500] "GET /_vti_cnf/ HTTP/1.0" 200 4864 "" "ZoominfoBot (zoominfobot at zoominfo dot com)"
35.231.170.25 - - [28/Nov/2019:09:41:10 -0500] "GET /PlintWebpage/ HTTP/1.0" 200 339 "" "ZoominfoBot (zoominfobot at zoominfo dot com)"
35.231.170.25 - - [28/Nov/2019:09:41:30 -0500] "GET /TQSIS/ HTTP/1.0" 200 321 "" "ZoominfoBot (zoominfobot at zoominfo dot com)"
35.231.170.25 - - [28/Nov/2019:09:44:40 -0500] "GET /_vti_txt/ HTTP/1.0" 200 283 "" "ZoominfoBot (zoominfobot at zoominfo dot com)"
46.229.168.134 - - [28/Nov/2019:09:44:48 -0500] "GET /robots.txt HTTP/1.1" 410 377 "" "Mozilla/5.0 (compatible; SemrushBot/6~bl; +http://www.semrush.com/bot.html)"
46.229.168.135 - - [28/Nov/2019:09:44:48 -0500] "GET /www.tecquip.com/ HTTP/1.1" 200 345 "" "Mozilla/5.0 (compatible; SemrushBot/6~bl; +http://www.semrush.com/bot.html)"
35.231.170.25 - - [28/Nov/2019:09:45:00 -0500] "GET /_vti_pvt/ HTTP/1.0" 200 963 "" "ZoominfoBot (zoominfobot at zoominfo dot com)"
35.231.170.25 - - [28/Nov/2019:09:45:44 -0500] "GET /_vti_script/ HTTP/1.0" 200 289 "" "ZoominfoBot (zoominfobot at zoominfo dot com)"
35.231.170.25 - - [28/Nov/2019:09:46:20 -0500] "GET /PRODUCT%20AREAS/ HTTP/1.0" 200 589 "" "ZoominfoBot (zoominfobot at zoominfo dot com)"
35.231.170.25 - - [28/Nov/2019:09:49:37 -0500] "GET /PRODUCT%20AREAS/ HTTP/1.0" 200 593 "" "ZoominfoBot (zoominfobot at zoominfo dot com)"
35.231.170.25 - - [28/Nov/2019:09:51:00 -0500] "GET /_vti_txt/ HTTP/1.0" 200 287 "" "ZoominfoBot (zoominfobot at zoominfo dot com)"
46.229.168.148 - - [28/Nov/2019:09:53:42 -0500] "GET /robots.txt HTTP/1.1" 410 373 "" "Mozilla/5.0 (compatible; SemrushBot/6~bl; +http://www.semrush.com/bot.html)"
46.229.168.133 - - [28/Nov/2019:09:53:42 -0500] "GET /PRODUCT%20AREAS/TQCONTROL/CE122/ HTTP/1.1" 200 395 "" "Mozilla/5.0 (compatible; SemrushBot/6~bl; +http://www.semrush.com/bot.html)"
35.231.170.25 - - [28/Nov/2019:09:54:08 -0500] "GET /www.tecquip.com/ HTTP/1.0" 200 341 "" "ZoominfoBot (zoominfobot at zoominfo dot com)"
35.231.170.25 - - [28/Nov/2019:09:55:55 -0500] "GET /aspnet_client/ HTTP/1.0" 200 341 "" "ZoominfoBot (zoominfobot at zoominfo dot com)"
35.231.170.25 - - [28/Nov/2019:09:59:07 -0500] "GET /PlintWebpage/ HTTP/1.0" 200 335 "" "ZoominfoBot (zoominfobot at zoominfo dot com)"
35.231.170.25 - - [28/Nov/2019:09:59:50 -0500] "GET /_vti_script/ HTTP/1.0" 200 293 "" "ZoominfoBot (zoominfobot at zoominfo dot com)"
35.231.170.25 - - [28/Nov/2019:09:59:52 -0500] "GET /logs/ HTTP/1.0" 200 961 "" "ZoominfoBot (zoominfobot at zoominfo dot com)"
35.231.170.25 - - [28/Nov/2019:10:01:00 -0500] "GET /_vti_cnf/ HTTP/1.0" 200 4864 "" "ZoominfoBot (zoominfobot at zoominfo dot com)"
35.231.170.25 - - [28/Nov/2019:10:02:51 -0500] "GET /_vti_pvt/ HTTP/1.0" 200 959 "" "ZoominfoBot (zoominfobot at zoominfo dot com)"
66.249.64.42 - - [28/Nov/2019:10:32:37 -0500] "GET /favicon.ico HTTP/1.1" 410 374 "" "Googlebot-Image/1.0"
162.210.196.98 - - [28/Nov/2019:10:36:00 -0500] "GET /robots.txt HTTP/1.1" 410 377 "" "Mozilla/5.0 (compatible; MJ12bot/v1.4.8; http://mj12bot.com/)"
162.210.196.98 - - [28/Nov/2019:10:36:02 -0500] "GET / HTTP/1.1" 200 704 "" "Mozilla/5.0 (compatible; MJ12bot/v1.4.8; http://mj12bot.com/)"
46.229.168.143 - - [28/Nov/2019:10:38:02 -0500] "GET /robots.txt HTTP/1.1" 410 373 "" "Mozilla/5.0 (compatible; SemrushBot/6~bl; +http://www.semrush.com/bot.html)"
46.229.168.147 - - [28/Nov/2019:10:38:03 -0500] "GET /PRODUCT%20AREAS/TQFluids/H13/_vti_cnf/h13.htm HTTP/1.1" 200 793 "" "Mozilla/5.0 (compatible; SemrushBot/6~bl; +http://www.semrush.com/bot.html)"
50.40.216.218 - - [28/Nov/2019:11:04:17 -0500] "GET /P.A.HiltonProducts.html HTTP/1.1" 404 293 "" "Mozilla/5.0 (Windows NT 10.0; Win64; x64) AppleWebKit/537.36 (KHTML, like Gecko) Chrome/78.0.3904.97 Safari/537.36 OPR/65.0.3467.48"
50.40.216.218 - - [28/Nov/2019:11:04:17 -0500] "GET /favicon.ico HTTP/1.1" 410 378 "" "Mozilla/5.0 (Windows NT 10.0; Win64; x64) AppleWebKit/537.36 (KHTML, like Gecko) Chrome/78.0.3904.97 Safari/537.36 OPR/65.0.3467.48"
139.204.56.252 - - [28/Nov/2019:11:05:47 -0500] "GET /frontpg.lck HTTP/1.1" 404 277 "" "Mozilla/5.0(Linux;Android 5.1.1;OPPO A33 Build/LMY47V;wv) AppleWebKit/537.36(KHTML,link Gecko) Version/4.0 Chrome/42.0.2311.138 Mobile Safari/537.36 Mb2345Browser/9.0"
106.114.128.200 - - [28/Nov/2019:11:05:51 -0500] "GET /www.tecquip.com HTTP/1.1" 301 319 "" "Mozilla/5.0(Linux;Android 5.1.1;OPPO A33 Build/LMY47V;wv) AppleWebKit/537.36(KHTML,link Gecko) Version/4.0 Chrome/43.0.2357.121 Mobile Safari/537.36 LieBaoFast/4.51.3"
106.114.128.200 - - [28/Nov/2019:11:05:58 -0500] "GET /www.tecquip.com/ HTTP/1.1" 200 345 "" "Mozilla/5.0(Linux;Android 5.1.1;OPPO A33 Build/LMY47V;wv) AppleWebKit/537.36(KHTML,link Gecko) Version/4.0 Chrome/43.0.2357.121 Mobile Safari/537.36 LieBaoFast/4.51.3"
159.138.153.165 - - [28/Nov/2019:11:06:16 -0500] "GET / HTTP/1.1" 200 704 "" "Mozilla/5.0 (Linux; Android 7.0; FRD-AL00 Build/HUAWEIFRD-AL00; wv) AppleWebKit/537.36 (KHTML, like Gecko) Version/4.0 Chrome/53.0.2785.49 Mobile MQQBrowser/6.2 TBS/043602 Safari/537.36 MicroMessenger/6.5.16.1120 NetType/WIFI Language/zh_CN"
148.70.124.134 - - [28/Nov/2019:11:08:01 -0500] "GET / HTTP/1.1" 200 704 "" "Apache-HttpClient/4.2.5 (java 1.5)"
46.229.168.163 - - [28/Nov/2019:12:01:53 -0500] "GET /robots.txt HTTP/1.1" 410 377 "" "Mozilla/5.0 (compatible; SemrushBot/6~bl; +http://www.semrush.com/bot.html)"
46.229.168.143 - - [28/Nov/2019:12:01:53 -0500] "GET /PRODUCT%20AREAS/TQSM/MAT24/ HTTP/1.1" 200 384 "" "Mozilla/5.0 (compatible; SemrushBot/6~bl; +http://www.semrush.com/bot.html)"
46.229.168.135 - - [28/Nov/2019:12:14:54 -0500] "GET /robots.txt HTTP/1.1" 410 373 "" "Mozilla/5.0 (compatible; SemrushBot/6~bl; +http://www.semrush.com/bot.html)"
46.229.168.141 - - [28/Nov/2019:12:14:54 -0500] "GET /PRODUCT%20AREAS/TQSTRUCT/STR12%20-%20Buckling%20of%20Struts/str12.htm.log HTTP/1.1" 200 3357 "" "Mozilla/5.0 (compatible; SemrushBot/6~bl; +http://www.semrush.com/bot.html)"
46.229.168.153 - - [28/Nov/2019:12:24:34 -0500] "GET /logs/ex20190929.log HTTP/1.1" 404 285 "" "Mozilla/5.0 (compatible; SemrushBot/6~bl; +http://www.semrush.com/bot.html)"
46.229.168.149 - - [28/Nov/2019:12:42:45 -0500] "GET /robots.txt HTTP/1.1" 410 373 "" "Mozilla/5.0 (compatible; SemrushBot/6~bl; +http://www.semrush.com/bot.html)"
46.229.168.135 - - [28/Nov/2019:12:42:45 -0500] "GET /TQSIS/ HTTP/1.1" 200 321 "" "Mozilla/5.0 (compatible; SemrushBot/6~bl; +http://www.semrush.com/bot.html)"
95.163.255.231 - - [28/Nov/2019:13:22:52 -0500] "GET /robots.txt HTTP/1.0" 410 377 "" "Mozilla/5.0 (compatible; Linux x86_64; Mail.RU_Bot/2.0; +http://go.mail.ru/help/robots)"
95.163.255.218 - - [28/Nov/2019:13:22:53 -0500] "GET / HTTP/1.1" 200 704 "" "Mozilla/5.0 (compatible; Linux x86_64; Mail.RU_Bot/2.0; +http://go.mail.ru/help/robots)"
157.55.39.89 - - [28/Nov/2019:13:26:26 -0500] "GET /PRODUCT%20AREAS/THERMO.HTML HTTP/1.1" 404 295 "" "Mozilla/5.0 (iPhone; CPU iPhone OS 7_0 like Mac OS X) AppleWebKit/537.51.1 (KHTML, like Gecko) Version/7.0 Mobile/11A465 Safari/9537.53 (compatible; bingbot/2.0; +http://www.bing.com/bingbot.htm)"
50.40.216.218 - - [28/Nov/2019:13:37:53 -0500] "GET /P.A.HiltonProducts.html HTTP/1.1" 404 293 "" "Mozilla/5.0 (Windows NT 10.0; Win64; x64) AppleWebKit/537.36 (KHTML, like Gecko) Chrome/78.0.3904.97 Safari/537.36 OPR/65.0.3467.48"
46.229.168.146 - - [28/Nov/2019:13:45:17 -0500] "GET /robots.txt HTTP/1.1" 410 373 "" "Mozilla/5.0 (compatible; SemrushBot/6~bl; +http://www.semrush.com/bot.html)"
46.229.168.132 - - [28/Nov/2019:13:45:17 -0500] "GET /PRODUCT%20AREAS/TQSTRUCT/STR18%20-%20Frame%20Deflections%20and%20R/ HTTP/1.1" 200 580 "" "Mozilla/5.0 (compatible; SemrushBot/6~bl; +http://www.semrush.com/bot.html)"
185.156.177.130 - - [28/Nov/2019:13:50:11 -0500] "GET /admin/index.php HTTP/1.1" 404 281 "" "Mozilla/5.0 (Windows NT 10.0; Win64; x64) AppleWebKit/537.36 (KHTML, like Gecko) Chrome/68.0.3440.106 Safari/537.36"
46.229.168.148 - - [28/Nov/2019:14:10:40 -0500] "GET /robots.txt HTTP/1.1" 410 373 "" "Mozilla/5.0 (compatible; SemrushBot/6~bl; +http://www.semrush.com/bot.html)"
46.229.168.152 - - [28/Nov/2019:14:10:40 -0500] "GET /PRODUCT%20AREAS/TQFluids/H36/_vti_cnf/ HTTP/1.1" 200 446 "" "Mozilla/5.0 (compatible; SemrushBot/6~bl; +http://www.semrush.com/bot.html)"
46.229.168.147 - - [28/Nov/2019:15:03:30 -0500] "GET /robots.txt HTTP/1.1" 410 377 "" "Mozilla/5.0 (compatible; SemrushBot/6~bl; +http://www.semrush.com/bot.html)"
46.229.168.141 - - [28/Nov/2019:15:03:30 -0500] "GET /PRODUCT%20AREAS/TQSTRUCT/STR2000%20-%20Automatic%20Data%20Acquis/DOCS/1/ HTTP/1.1" 200 507 "" "Mozilla/5.0 (compatible; SemrushBot/6~bl; +http://www.semrush.com/bot.html)"
46.229.168.136 - - [28/Nov/2019:15:09:32 -0500] "GET /PRODUCT%20AREAS/TQSM/MAT10RAB/_vti_cnf/mat10rab.htm HTTP/1.1" 200 795 "" "Mozilla/5.0 (compatible; SemrushBot/6~bl; +http://www.semrush.com/bot.html)"
50.40.216.218 - - [28/Nov/2019:15:10:02 -0500] "GET /P.A.HiltonProducts.html HTTP/1.1" 404 293 "" "Mozilla/5.0 (Windows NT 10.0; Win64; x64) AppleWebKit/537.36 (KHTML, like Gecko) Chrome/78.0.3904.97 Safari/537.36 OPR/65.0.3467.48"
185.156.177.130 - - [28/Nov/2019:15:16:25 -0500] "GET /wp-login.php HTTP/1.1" 404 278 "" "Mozilla/5.0 (Windows NT 6.2; WOW64) AppleWebKit/537.36 (KHTML, like Gecko) Chrome/43.0.2357.81 Safari/537.36"
106.120.173.112 - - [28/Nov/2019:15:40:50 -0500] "GET /robots.txt HTTP/1.1" 410 373 "" "Sogou web spider/4.0(+http://www.sogou.com/docs/help/webmasters.htm#07)"
106.120.173.112 - - [28/Nov/2019:15:40:50 -0500] "GET / HTTP/1.1" 200 700 "" "Sogou web spider/4.0(+http://www.sogou.com/docs/help/webmasters.htm#07)"
46.229.168.132 - - [28/Nov/2019:16:15:24 -0500] "GET /robots.txt HTTP/1.1" 410 373 "" "Mozilla/5.0 (compatible; SemrushBot/6~bl; +http://www.semrush.com/bot.html)"
46.229.168.146 - - [28/Nov/2019:16:15:24 -0500] "GET /PRODUCT%20AREAS/TQCONTROL/CE111/ HTTP/1.1" 200 395 "" "Mozilla/5.0 (compatible; SemrushBot/6~bl; +http://www.semrush.com/bot.html)"
46.229.168.132 - - [28/Nov/2019:16:36:30 -0500] "GET /robots.txt HTTP/1.1" 410 373 "" "Mozilla/5.0 (compatible; SemrushBot/6~bl; +http://www.semrush.com/bot.html)"
46.229.168.141 - - [28/Nov/2019:16:36:30 -0500] "GET /PRODUCT%20AREAS/TQSM/SM1/_vti_cnf/sm1.htm HTTP/1.1" 200 781 "" "Mozilla/5.0 (compatible; SemrushBot/6~bl; +http://www.semrush.com/bot.html)"
46.229.168.163 - - [28/Nov/2019:16:39:04 -0500] "GET /PRODUCT%20AREAS/TQSTRUCT/STR15%20-%20Plastic%20Bending%20of%20Beam/DOCS/1/_vti_cnf/ HTTP/1.1" 200 777 "" "Mozilla/5.0 (compatible; SemrushBot/6~bl; +http://www.semrush.com/bot.html)"
46.229.168.138 - - [28/Nov/2019:16:59:27 -0500] "GET /robots.txt HTTP/1.1" 410 377 "" "Mozilla/5.0 (compatible; SemrushBot/6~bl; +http://www.semrush.com/bot.html)"
46.229.168.145 - - [28/Nov/2019:16:59:28 -0500] "GET /PRODUCT%20AREAS/TQSM/SM1/_vti_cnf/WPSM1jpg.html HTTP/1.1" 200 773 "" "Mozilla/5.0 (compatible; SemrushBot/6~bl; +http://www.semrush.com/bot.html)"
46.229.168.150 - - [28/Nov/2019:17:21:30 -0500] "GET /robots.txt HTTP/1.1" 410 373 "" "Mozilla/5.0 (compatible; SemrushBot/6~bl; +http://www.semrush.com/bot.html)"
46.229.168.147 - - [28/Nov/2019:17:21:30 -0500] "GET /PRODUCT%20AREAS/TQSM/E10/ HTTP/1.1" 200 376 "" "Mozilla/5.0 (compatible; SemrushBot/6~bl; +http://www.semrush.com/bot.html)"
46.229.168.141 - - [28/Nov/2019:18:09:57 -0500] "GET /robots.txt HTTP/1.1" 410 373 "" "Mozilla/5.0 (compatible; SemrushBot/6~bl; +http://www.semrush.com/bot.html)"
46.229.168.129 - - [28/Nov/2019:18:09:58 -0500] "GET /PRODUCT%20AREAS/TQSM/SM103/_vti_cnf/ HTTP/1.1" 200 448 "" "Mozilla/5.0 (compatible; SemrushBot/6~bl; +http://www.semrush.com/bot.html)"
46.229.168.149 - - [28/Nov/2019:19:36:01 -0500] "GET /robots.txt HTTP/1.1" 410 373 "" "Mozilla/5.0 (compatible; SemrushBot/6~bl; +http://www.semrush.com/bot.html)"
46.229.168.136 - - [28/Nov/2019:19:36:02 -0500] "GET /PRODUCT%20AREAS/TQSTRUCT/STR1a%20-%20Digital%20Force%20Display/_vti_cnf/!str1a.htm HTTP/1.1" 200 1177 "" "Mozilla/5.0 (compatible; SemrushBot/6~bl; +http://www.semrush.com/bot.html)"
157.55.39.29 - - [28/Nov/2019:19:38:04 -0500] "GET /robots.txt HTTP/1.1" 410 377 "" "Mozilla/5.0 (compatible; bingbot/2.0; +http://www.bing.com/bingbot.htm)"
157.55.39.165 - - [28/Nov/2019:19:38:07 -0500] "GET /robots.txt HTTP/1.1" 410 377 "" "msnbot/2.0b (+http://search.msn.com/msnbot.htm)"
157.55.39.196 - - [28/Nov/2019:19:54:57 -0500] "GET /P.A.HiltonProducts.html HTTP/1.1" 404 293 "" "Mozilla/5.0 (iPhone; CPU iPhone OS 7_0 like Mac OS X) AppleWebKit/537.51.1 (KHTML, like Gecko) Version/7.0 Mobile/11A465 Safari/9537.53 (compatible; bingbot/2.0; +http://www.bing.com/bingbot.htm)"
157.55.39.29 - - [28/Nov/2019:20:29:44 -0500] "GET /robots.txt HTTP/1.1" 410 373 "" "Mozilla/5.0 (compatible; bingbot/2.0; +http://www.bing.com/bingbot.htm)"
40.77.167.128 - - [28/Nov/2019:20:36:33 -0500] "GET / HTTP/1.1" 200 704 "" "Mozilla/5.0 (compatible; bingbot/2.0; +http://www.bing.com/bingbot.htm)"
157.55.39.165 - - [28/Nov/2019:20:40:41 -0500] "GET /PRODUCT%20AREAS/TQAIRFLOW/ HTTP/1.1" 200 373 "" "Mozilla/5.0 (compatible; bingbot/2.0; +http://www.bing.com/bingbot.htm)"
40.77.167.58 - - [28/Nov/2019:20:44:10 -0500] "GET / HTTP/1.1" 200 704 "" "Mozilla/5.0 (compatible; bingbot/2.0; +http://www.bing.com/bingbot.htm)"
40.77.167.58 - - [28/Nov/2019:21:30:00 -0500] "GET / HTTP/1.1" 200 704 "" "Mozilla/5.0 (compatible; bingbot/2.0; +http://www.bing.com/bingbot.htm)"
46.229.168.143 - - [28/Nov/2019:21:41:01 -0500] "GET /robots.txt HTTP/1.1" 410 373 "" "Mozilla/5.0 (compatible; SemrushBot/6~bl; +http://www.semrush.com/bot.html)"
46.229.168.136 - - [28/Nov/2019:21:41:01 -0500] "GET /PRODUCT%20AREAS/TQSTRUCT/STR7%20-%20Unsymmetrical%20Bending%20an/_vti_cnf/ HTTP/1.1" 200 502 "" "Mozilla/5.0 (compatible; SemrushBot/6~bl; +http://www.semrush.com/bot.html)"
203.133.170.52 - - [28/Nov/2019:22:01:44 -0500] "GET /robots.txt HTTP/1.1" 410 377 "" "Mozilla/5.0 (compatible; Daum/4.1; +http://cs.daum.net/faq/15/4118.html?faqId=28966)"
203.133.170.52 - - [28/Nov/2019:22:01:44 -0500] "GET /PRODUCT%20AREAS/TQTHERMO/ HTTP/1.1" 200 367 "" "Mozilla/5.0 (compatible; Daum/4.1; +http://cs.daum.net/faq/15/4118.html?faqId=28966)"
203.133.170.52 - - [28/Nov/2019:22:01:49 -0500] "GET /PRODUCT%20AREAS/TQFluids/H11/h11.htm HTTP/1.1" 200 5672 "" "Mozilla/5.0 (compatible; Daum/4.1; +http://cs.daum.net/faq/15/4118.html?faqId=28966)"
46.229.168.152 - - [28/Nov/2019:22:28:00 -0500] "GET /robots.txt HTTP/1.1" 410 377 "" "Mozilla/5.0 (compatible; SemrushBot/6~bl; +http://www.semrush.com/bot.html)"
46.229.168.163 - - [28/Nov/2019:22:28:01 -0500] "GET /PRODUCT%20AREAS/TQSTRUCT/STR17%20-%20Redunant%20Truss/DOCS/1/_vti_cnf/ HTTP/1.1" 200 750 "" "Mozilla/5.0 (compatible; SemrushBot/6~bl; +http://www.semrush.com/bot.html)"
46.229.168.143 - - [28/Nov/2019:22:37:07 -0500] "GET /robots.txt HTTP/1.1" 410 373 "" "Mozilla/5.0 (compatible; SemrushBot/6~bl; +http://www.semrush.com/bot.html)"
46.229.168.146 - - [28/Nov/2019:22:37:08 -0500] "GET /logs/ex20191017.log HTTP/1.1" 404 285 "" "Mozilla/5.0 (compatible; SemrushBot/6~bl; +http://www.semrush.com/bot.html)"
46.229.168.141 - - [28/Nov/2019:22:55:48 -0500] "GET /robots.txt HTTP/1.1" 410 373 "" "Mozilla/5.0 (compatible; SemrushBot/6~bl; +http://www.semrush.com/bot.html)"
46.229.168.136 - - [28/Nov/2019:22:55:48 -0500] "GET /PRODUCT%20AREAS/TQSM/MAT10RAS/_vti_cnf/mat10ras.htm HTTP/1.1" 200 795 "" "Mozilla/5.0 (compatible; SemrushBot/6~bl; +http://www.semrush.com/bot.html)"
46.229.168.135 - - [28/Nov/2019:22:58:45 -0500] "GET /robots.txt HTTP/1.1" 410 377 "" "Mozilla/5.0 (compatible; SemrushBot/6~bl; +http://www.semrush.com/bot.html)"
46.229.168.144 - - [28/Nov/2019:22:58:45 -0500] "GET /logs/ex20191103.log HTTP/1.1" 404 289 "" "Mozilla/5.0 (compatible; SemrushBot/6~bl; +http://www.semrush.com/bot.html)"
46.229.168.137 - - [28/Nov/2019:23:06:21 -0500] "GET /PRODUCT%20AREAS/TQFluids/H1/_vti_cnf/h1.htm HTTP/1.1" 200 874 "" "Mozilla/5.0 (compatible; SemrushBot/6~bl; +http://www.semrush.com/bot.html)"
91.242.162.7 - - [28/Nov/2019:23:27:18 -0500] "GET /robots.txt HTTP/1.1" 410 377 "" "Mozilla/5.0 (compatible; Qwantify/2.4w; +https://www.qwant.com/)/2.4w"
91.242.162.7 - - [28/Nov/2019:23:27:18 -0500] "GET /PlintWebpage/_vti_cnf/Plint.html HTTP/1.1" 200 1591 "" "Mozilla/5.0 (compatible; Qwantify/2.4w; +https://www.qwant.com/)/2.4w"
46.229.168.163 - - [28/Nov/2019:23:36:20 -0500] "GET /robots.txt HTTP/1.1" 410 373 "" "Mozilla/5.0 (compatible; SemrushBot/6~bl; +http://www.semrush.com/bot.html)"
46.229.168.130 - - [28/Nov/2019:23:36:20 -0500] "GET /PRODUCT%20AREAS/TQSTRUCT/STR16%20-%20Plastic%20Bending%20of%20Port/DOCS/1/_vti_cnf/imagemap.htm HTTP/1.1" 200 987 "" "Mozilla/5.0 (compatible; SemrushBot/6~bl; +http://www.semrush.com/bot.html)"
46.229.168.151 - - [28/Nov/2019:23:39:26 -0500] "GET /PRODUCT%20AREAS/TASK/MF3/_vti_cnf/ HTTP/1.1" 200 478 "" "Mozilla/5.0 (compatible; SemrushBot/6~bl; +http://www.semrush.com/bot.html)"